, 83
What are the prime factors of 25?
5
What are the prime factors of 3945?
3, 5, 263
What are the prime factors of 12313?
7, 1759
List the prime factors of 7698.
2, 3, 1283
What are the prime factors of 100291?
100291
List the prime factors of 1885.
5, 13, 29
What are the prime factors of 5470?
2, 5, 547
List the prime factors of 344.
2, 43
What are the prime factors of 2393?
2393
What are the prime factors of 9154?
2, 23, 199
List the prime factors of 29413.
67, 439
What are the prime factors of 13718?
2, 19
What are the prime factors of 11912?
2, 1489
What are the prime factors of 4028?
2, 19, 53
List the prime factors of 519.
3, 173
What are the prime factors of 96?
2, 3
List the prime factors of 21249.
3, 787
List the prime factors of 3113.
11, 283
What are the prime factors of 7746?
2, 3, 1291
What are the prime factors of 1811?
1811
List the prime factors of 12.
2, 3
List the prime factors of 6402.
2, 3, 11, 97
List the prime factors of 7186.
2, 3593
What are the prime factors of 7060?
2, 5, 353
List the prime factors of 79031.
79031
List the prime factors of 786.
2, 3, 131
List the prime factors of 851.
23, 37
List the prime factors of 789.
3, 263
List the prime factors of 333.
3, 37
List the prime factors of 29410.
2, 5, 17, 173
List the prime factors of 165.
3, 5, 11
List the prime factors of 8529.
3, 2843
What are the prime factors of 905?
5, 181
What are the prime factors of 27683?
19, 31, 47
List the prime factors of 74.
2, 37
List the prime factors of 65513.
7, 191
What are the prime factors of 3663?
3, 11, 37
List the prime factors of 1456.
2, 7, 13
List the prime factors of 38.
2, 19
What are the prime factors of 120627?
3, 13, 1031
List the prime factors of 94829.
7, 19, 23, 31
List the prime factors of 715.
5, 11, 13
What are the prime factors of 14017?
107, 131
List the prime factors of 1084.
2, 271
What are the prime factors of 3163?
3163
What are the prime factors of 2796?
2, 3, 233
What are the prime factors of 13970?
2, 5, 11, 127
What are the prime factors of 356?
2, 89
What are the prime factors of 4470?
2, 3, 5, 149
What are the prime factors of 23146?
2, 71, 163
List the prime factors of 13160.
2, 5, 7, 47
What are the prime factors of 28788?
2, 3, 2399
List the prime factors of 14808.
2, 3, 617
What are the prime factors of 6345?
3, 5, 47
What are the prime factors of 50544?
2, 3, 13
List the prime factors of 4082.
2, 13, 157
List the prime factors of 1771.
7, 11, 23
What are the prime factors of 756?
2, 3, 7
List the prime factors of 2138.
2, 1069
List the prime factors of 20199.
3, 6733
List the prime factors of 1077.
3, 359
What are the prime factors of 1023?
3, 11, 31
What are the prime factors of 1616?
2, 101
List the prime factors of 623.
7, 89
What are the prime factors of 14081?
14081
What are the prime factors of 8258?
2, 4129
What are the prime factors of 4474?
2, 2237
What are the prime factors of 22241?
23, 967
List the prime factors of 1959.
3, 653
What are the prime factors of 2832?
2, 3, 59
List the prime factors of 17434.
2, 23, 379
What are the prime factors of 2243?
2243
List the prime factors of 8192.
2
List the prime factors of 409.
409
List the prime factors of 606.
2, 3, 101
List the prime factors of 1714.
2, 857
List the prime factors of 2627.
37, 71
List the prime factors of 157911.
3, 13, 4049
List the prime factors of 1482.
2, 3, 13, 19
What are the prime factors of 26227?
26227
List the prime factors of 62952.
2, 3, 43, 61
What are the prime factors of 28938?
2, 3, 7, 13, 53
List the prime factors of 6911.
6911
What are the prime factors of 517?
11, 47
What are the prime factors of 1244?
2, 311
List the prime factors of 663.
3, 13, 17
What are the prime factors of 724?
2, 181
List the prime factors of 100.
2, 5
What are the prime factors of 6378?
2, 3, 1063
What are the prime factors of 6042?
2, 3, 19, 53
List the prime factors of 2325.
3, 5, 31
List the prime factors of 10981.
79, 139
What are the prime factors of 4929?
3, 31, 53
What are the prime factors of 27178?
2, 107, 127
What are the prime factors of 56680?
2, 5, 13, 109
What are the prime factors of 527?
17, 31
What are the prime factors of 2269?
2269
What are the prime factors of 1087?
1087
List the prime factors of 18251.
18251
List the prime factors of 17561.
17, 1033
List the prime factors of 17176.
2, 19, 113
List the prime factors of 6095.
5, 23, 53
What are the prime factors of 145774?
2, 23, 3169
What are the prime factors of 15277?
15277
What are the prime factors of 2402?
2, 1201
List the prime factors of 68970.
2, 3, 5, 11, 19
List the prime factors of 146142.
2, 3, 23, 353
List the prime factors of 4308.
2, 3, 359
List the prime factors of 54588.
2, 3, 4549
List the prime factors of 45363.
3, 15121
List the prime factors of 20927.
17, 1231
List the prime factors of 1527.
3, 509
What are the prime factors of 88802?
2, 7, 6343
List the prime factors of 14585.
5, 2917
List the prime factors of 28840.
2, 5, 7, 103
What are the prime factors of 1029?
3, 7
List the prime factors of 377.
13, 29
What are the prime factors of 1194?
2, 3, 199
List the prime factors of 740.
2, 5, 37
List the prime factors of 23.
23
What are the prime factors of 22456?
2, 7, 401
List the prime factors of 45082.
2, 22541
List the prime factors of 2834.
2, 13, 109
List the prime factors of 110018.
2, 55009
List the prime factors of 187425.
3, 5, 7, 17
What are the prime factors of 166477?
277, 601
What are the prime factors of 399?
3, 7, 19
What are the prime factors of 113?
113
What are the prime factors of 95071?
95071
What are the prime factors of 184049?
41, 67
What are the prime factors of 4001?
4001
List the prime factors of 1228.
2, 307
List the prime factors of 39324.
2, 3, 29, 113
List the prime factors of 673.
673
What are the prime factors of 196?
2, 7
What are the prime factors of 7679?
7, 1097
List the prime factors of 13993.
7, 1999
What are the prime factors of 15707?
113, 139
What are the prime factors of 23738?
2, 11, 13, 83
What are the prime factors of 1729?
7, 13, 19
What are the prime factors of 55176?
2, 3, 11, 19
List the prime factors of 17051.
17, 59
List the prime factors of 131947.
131947
What are the prime factors of 15506?
2, 7753
What are the prime factors of 5771?
29, 199
What are the prime factors of 526?
2, 263
What are the prime factors of 4835?
5, 967
What are the prime factors of 1362?
2, 3, 227
List the prime factors of 2785.
5, 557
List the prime factors of 39687.
3, 13229
List the prime factors of 4257.
3, 11, 43
List the prime factors of 45285.
3, 5, 3019
List the prime factors of 884.
2, 13, 17
List the prime factors of 582.
2, 3, 97
List the prime factors of 6436.
2, 1609
What are the prime factors of 42471?
3, 11, 13
List the prime factors of 31478.
2, 15739
List the prime factors of 1007.
19, 53
List the prime factors of 9833.
9833
What are the prime factors of 15849?
3, 587
What are the prime factors of 3530?
2, 5, 353
What are the prime factors of 9401?
7, 17, 79
What are the prime factors of 18561?
3, 23, 269
What are the prime factors of 1677?
3, 13, 43
List the prime factors of 106070.
2, 5, 10607
What are the prime factors of 7813?
13, 601
What are the prime factors of 1669?
1669
What are the prime factors of 42798?
2, 3, 7, 1019
List the prime factors of 1511.
1511
What are the prime factors of 11306?
2, 5653
What are the prime factors of 64705?
5, 12941
List the prime factors of 18668.
2, 13, 359
List the prime factors of 158097.
3, 151, 349
List the prime factors of 100229.
73, 1373
List the prime factors of 42778.
2, 73, 293
What are the prime factors of 920?
2, 5, 23
List the prime factors of 927.
3, 103
List the prime factors of 28541.
28541
What are the prime factors of 38457?
3, 4273
What are the prime factors of 222?
2, 3, 37
What are the prime factors of 24816?
2, 3, 11, 47
List the prime factors of 1176.
2, 3, 7
What are the prime factors of 1489?
1489
What are the prime factors of 11668?
2, 2917
What are the prime factors of 12101?
12101
What are the prime factors of 11266?
2, 43, 131
What are the prime factors of 59452?
2, 89, 167
List the prime factors of 1145.
5, 229
What are the prime factors of 15274?
2, 7, 1091
What are the prime factors of 1095?
3, 5, 73
What are the prime fa